322?
5
What is the tens digit of 3379734?
3
What is the tens digit of 14470?
7
What is the ten thousands digit of 12571068?
7
What is the ten thousands digit of 2530555?
3
What is the thousands digit of 44586?
4
What is the hundreds digit of 6624802?
8
What is the tens digit of 1866682?
8
What is the thousands digit of 460160?
0
What is the tens digit of 215521?
2
What is the tens digit of 8973709?
0
What is the tens digit of 350458?
5
What is the units digit of 74920?
0
What is the thousands digit of 668950?
8
What is the tens digit of 484531?
3
What is the ten millions digit of 23006182?
2
What is the units digit of 2748780?
0
What is the tens digit of 124276?
7
What is the hundreds digit of 1033863?
8
What is the ten thousands digit of 70212?
7
What is the units digit of 1095919?
9
What is the hundred thousands digit of 1397687?
3
What is the ten thousands digit of 3834572?
3
What is the ten thousands digit of 2464285?
6
What is the ten thousands digit of 114500?
1
What is the thousands digit of 14220262?
0
What is the thousands digit of 188423?
8
What is the tens digit of 3659172?
7
What is the ten thousands digit of 51462?
5
What is the millions digit of 5663025?
5
What is the units digit of 67522?
2
What is the units digit of 291020?
0
What is the hundred thousands digit of 3122159?
1
What is the hundred thousands digit of 7921062?
9
What is the thousands digit of 636512?
6
What is the tens digit of 691043?
4
What is the units digit of 1939037?
7
What is the ten thousands digit of 40634?
4
What is the thousands digit of 125352?
5
What is the millions digit of 4978987?
4
What is the ten thousands digit of 192508?
9
What is the units digit of 7187373?
3
What is the units digit of 539989?
9
What is the ten thousands digit of 137803?
3
What is the tens digit of 2861837?
3
What is the hundreds digit of 19133?
1
What is the hundred thousands digit of 12956478?
9
What is the hundreds digit of 410044?
0
What is the tens digit of 780774?
7
What is the millions digit of 36300662?
6
What is the tens digit of 2103546?
4
What is the units digit of 43071?
1
What is the hundreds digit of 2912719?
7
What is the millions digit of 19846938?
9
What is the units digit of 6769129?
9
What is the tens digit of 14915813?
1
What is the hundred thousands digit of 364263?
3
What is the tens digit of 24384405?
0
What is the tens digit of 1010078?
7
What is the hundred thousands digit of 214397?
2
What is the units digit of 381659?
9
What is the tens digit of 129194?
9
What is the millions digit of 1526574?
1
What is the thousands digit of 1997050?
7
What is the millions digit of 2464593?
2
What is the hundreds digit of 13122368?
3
What is the tens digit of 929299?
9
What is the units digit of 1669978?
8
What is the units digit of 52261?
1
What is the thousands digit of 12262393?
2
What is the hundred thousands digit of 1833598?
8
What is the hundred thousands digit of 101987?
1
What is the hundred thousands digit of 17337305?
3
What is the hundred thousands digit of 603313?
6
What is the millions digit of 6278149?
6
What is the millions digit of 15166130?
5
What is the units digit of 106208?
8
What is the thousands digit of 800875?
0
What is the thousands digit of 10029564?
9
What is the hundreds digit of 111835?
8
What is the tens digit of 206681?
8
What is the thousands digit of 546145?
6
What is the units digit of 39138?
8
What is the ten thousands digit of 3733949?
3
What is the ten millions digit of 16540396?
1
What is the ten millions digit of 15930295?
1
What is the tens digit of 20202488?
8
What is the hundreds digit of 8729?
7
What is the hundred thousands digit of 104435?
1
What is the thousands digit of 121555?
1
What is the hundreds digit of 447375?
3
What is the tens digit of 182394?
9
What is the tens digit of 1660653?
5
What is the millions digit of 3562040?
3
What is the tens digit of 8779912?
1
What is the units digit of 738563?
3
What is the units digit of 1362768?
8
What is the hundred thousands digit of 3610151?
6
What is the hundred thousands digit of 1570870?
5
What is the hundreds digit of 1897979?
9
What is the hundred thousands digit of 30319031?
3
What is the thousands digit of 4061372?
1
What is the units digit of 6827629?
9
What is the thousands digit of 379085?
9
What is the hundred thousands digit of 4112513?
1
What is the tens digit of 136925?
2
What is the millions digit of 2751684?
2
What is the ten thousands digit of 580271?
8
What is the units digit of 98194?
4
What is the units digit of 5080681?
1
What is the thousands digit of 15513657?
3
What is the thousands digit of 583230?
3
What is the hundreds digit of 271550?
5
What is the ten thousands digit of 1282777?
8
What is the units digit of 23284895?
5
What is the units digit of 202193?
3
What is the hundreds digit of 6204257?
2
What is the hundreds digit of 375243?
2
What is the hundreds digit of 13216714?
7
What is the thousands digit of 5634996?
4
What is the units digit of 181782?
2
What is the tens digit of 34870?
7
What is the ten thousands digit of 607388?
0
What is the units digit of 3172233?
3
What is the hundreds digit of 622921?
9
What is the thousands digit of 3543355?
3
What is the hundreds digit of 3989?
9
What is the thousands digit of 527736?
7
What is the ten thousands digit of 6489637?
8
What is the hundred thousands digit of 554961?
5
What is the units digit of 614666?
6
What is the hundreds digit of 892563?
5
What is the hundred thousands digit of 387650?
3
What is the tens digit of 55947?
4
What is the ten thousands digit of 1428603?
2
What is the hundred thousands digit of 665559?
6
What is the units digit of 2640082?
2
What is the hundred thousands digit of 123977?
1
What is the thousands digit of 26361?
6
What is the hundred thousands digit of 2213507?
2
What is the units digit of 11310953?
3
What is the hundreds digit of 25543?
5
What is the ten thousands digit of 2853537?
5
What is the hundreds digit of 14346759?
7
What is the tens digit of 1830433?
3
What is the units digit of 185972?
2
What is the hundreds digit of 875912?
9
What is the hundred thousands digit of 1199184?
1
What is the hundred thousands digit of 7360488?
3
What is the tens digit of 468201?
0
What is the units digit of 3210159?
9
What is the thousands digit of 8014455?
4
What is the hundred thousands digit of 1777807?
7
What is the ten thousands digit of 62703?
6
What is the hundreds digit of 1038126?
1
What is the ten thousands digit of 8865836?
6
What is the thousands digit of 21475366?
5
What is the units digit of 89772?
2
What is the ten thousands digit of 398735?
9
What is the units digit of 480651?
1
What is the hundred thousands digit of 19080797?
0
What is the millions digit of 3523125?
3
What is the units digit of 532453?
3
What is the ten millions digit of 10748340?
1
What is the hundred thousands digit of 1295825?
2
What is the hundred thousands digit of 1863021?
8
What is the hundreds digit of 2399616?
6
What is the tens digit of 6733991?
9
What is the ten thousands digit of 406639?
0
What is the ten thousands digit of 289286?
8
What is the hundred thousands digit of 1043426?
0
What is the ten thousands digit of 653003?
5
What is the tens digit of 1005898?
9
What is the units digit of 384491?
1
What is the thousands digit of 7973325?
3
What is the hundred thousands digit of 270029?
2
What is the ten thousands digit of 1970046?
7
What is the hundreds digit of 2177059?
0
What is the hundreds digit of 7581317?
3
What is the ten millions digit of 10754527?
1
What is the ten thousands digit of 181368?
8
What is the thousands digit of 50208?
0
What is the units digit of 466821?
1
What is the hundred thousands digit of 3938340?
9
What is the tens digit of 653010?
1
What is the units digit of 5230?
0
What is the ten thousands digit of 797582?
9
What is the thousands digit of 4669255?
9
What is the hundred thousands digit of 478492?
4
What is the tens digit of 5027768?
6
What is the hundred thousands digit of 40311318?
3
What is the tens digit of 1128617?
1
What is the thousands digit of 288941?
8
What is the hundreds digit of 2906225?
2
What is the hundred thousands digit of 2803694?
8
What is the tens digit of 152979?
7
What is the tens digit of 10717054?
5
What is the ten tho